In base 13, what is 138712 - -3?
138715
In base 9, what is 4 - -236454?
236458
In base 16, what is -1 - -31822?
31821
In base 9, what is 13 + 21?
34
In base 9, what is 11 - 1676?
-1665
In base 3, what is 0 + 122110112?
122110112
In base 14, what is 2 + -3701?
-36dd
In base 11, what is 42a9 - 4?
42a5
In base 7, what is -40310 - -2?
-40305
In base 14, what is -16c4 - 49?
-172d
In base 12, what is 33a8 - 6?
33a2
In base 12, what is -8 + 41074?
41068
In base 3, what is -120102 + 112220?
-112
In base 5, what is 13400144 - -3?
13400202
In base 12, what is 402 + 46?
448
In base 10, what is 2 + -44144?
-44142
In base 9, what is 1814 + 107?
2022
In base 4, what is -121101 - -2230?
-112211
In base 2, what is 111010100010101 - 10000?
111010100000101
In base 8, what is -2311756 + 5?
-2311751
In base 13, what is -139024 + 3?
-139021
In base 6, what is -5 + -4413223?
-4413232
In base 10, what is 1963 + -13?
1950
In base 15, what is 526d + -7?
5266
In base 6, what is 231 + -553334?
-553103
In base 2, what is -10110100101111001000 + 0?
-10110100101111001000
In base 16, what is 2 - -18e81f?
18e821
In base 4, what is -11 - -3231120?
3231103
In base 8, what is 5 + -611536?
-611531
In base 14, what is 558 - 19?
53d
In base 10, what is 6217 + -23?
6194
In base 5, what is -11132 - 440?
-12122
In base 10, what is -22 - -3870?
3848
In base 12, what is -7 - -21aa3?
21a98
In base 3, what is -20111010022 - -212?
-20111002110
In base 11, what is 6a290 + -5?
6a286
In base 4, what is -120213 + 12?
-120201
In base 12, what is 2 + -2b572?
-2b570
In base 10, what is -1669168 - -4?
-1669164
In base 16, what is 1b1 + -c?
1a5
In base 11, what is -77485 + 0?
-77485
In base 2, what is -11 + -10110011001111100?
-10110011001111111
In base 13, what is 825a - 6?
8254
In base 14, what is -db4 + 241?
-b73
In base 8, what is -11 + -4645?
-4656
In base 10, what is 21608 + -7?
21601
In base 2, what is -10111111100001011 + -11?
-10111111100001110
In base 11, what is 167 + -3517?
-3360
In base 5, what is 1402 - 1034?
313
In base 7, what is 111 + -6246?
-6135
In base 16, what is 3ad + -1b86?
-17d9
In base 10, what is -1345 + -42?
-1387
In base 13, what is -133 + -153b?
-1671
In base 14, what is c7b8 + 17?
c7d1
In base 7, what is 20401256 - -1?
20401260
In base 6, what is 1004 + -52?
512
In base 13, what is 151aa4 - -4?
151aa8
In base 6, what is 12421042 + 5?
12421051
In base 16, what is -2 - -c4155?
c4153
In base 2, what is 10101001110111 - -1?
10101001111000
In base 16, what is 2cf - -2e?
2fd
In base 13, what is -26c02 + 6?
-26bc9
In base 16, what is 39 + -182?
-149
In base 2, what is -1000110 - 110101111111?
-110111000101
In base 4, what is -30 - 21023?
-21113
In base 12, what is -76a72 + -5?
-76a77
In base 2, what is 1110 - -10001011000010101?
10001011000100011
In base 13, what is 36300 - -4?
36304
In base 3, what is -221001122 - 1?
-221001200
In base 14, what is -6 - 3231?
-3237
In base 11, what is 1839a - -20?
1840a
In base 9, what is 0 - -88702?
88702
In base 10, what is -332 + -4119?
-4451
In base 5, what is -312000 - 10?
-312010
In base 7, what is 1401130 - -1?
1401131
In base 7, what is -1111 + -215?
-1326
In base 6, what is -21322134 - -10?
-21322124
In base 2, what is -1 - -1011010001001110?
1011010001001101
In base 7, what is 330 - 52056?
-51426
In base 13, what is 52 - -83?
105
In base 3, what is -22001 + 10111?
-11120
In base 12, what is -16b - 33a1?
-3550
In base 7, what is 125024 + 2?
125026
In base 10, what is -111602 + -2?
-111604
In base 6, what is -3 + -3152522?
-3152525
In base 16, what is 2 - 3e7?
-3e5
In base 11, what is -13 - 3819?
-3831
In base 4, what is 23020321 + -3?
23020312
In base 9, what is 120000 + 1?
120001
In base 9, what is 2823 + 11?
2834
In base 14, what is 75 + -454?
-3bd
In base 4, what is 3 + 1032310?
1032313
In base 16, what is 8 - -2b39?
2b41
In base 8, what is 1 + 47440?
47441
In base 5, what is 32442241 + -3?
32442233
In base 2, what is 10 + 11111010001010?
11111010001100
In base 8, what is 4546 + -111?
4435
In base 9, what is -2751 - -447?
-2303
In base 14, what is -5 - 1ad066?
-1ad06b
In base 14, what is -4179 + -4?
-417d
In base 3, what is -2 - 101221112?
-101221121
In base 9, what is 1 + -22841?
-22840
In base 7, what is -242 - -2446?
2204
In base 6, what is -105024 + 231?
-104353
In base 13, what is -6 + 6632b?
66325
In base 14, what is -4 - -147a?
1476
In base 16, what is -2088c - -3?
-20889
In base 12, what is 4123b1 - 1?
4123b0
In base 11, what is -a74 - -aa?
-975
In base 8, what is 3472202 - 4?
3472176
In base 4, what is 3101 + 1311012?
1320113
In base 11, what is 5 + 19a27?
19a31
In base 11, what is 114a - -2aa0?
413a
In base 7, what is 346152 + 1?
346153
In base 10, what is 5307 - -20?
5327
In base 8, what is -4562 - -12?
-4550
In base 7, what is -4 - 661053?
-661060
In base 12, what is -5 - -62387?
62382
In base 9, what is -2828 + 14?
-2814
In base 5, what is -1111340 - -1141?
-1110144
In base 16, what is 5f + 36d?
3cc
In base 2, what is 1100111001010110 + -100?
1100111001010010
In base 14, what is 27529 - -2?
2752b
In base 2, what is -100 - 10110111110110010010?
-10110111110110010110
In base 9, what is 3 - -18360?
18363
In base 12, what is 1421 - -35?
1456
In base 16, what is 39a - d1?
2c9
In base 15, what is -d38 + 4?
-d34
In base 5, what is -20 + -23332143?
-23332213
In base 15, what is -50 - -112?
b2
In base 15, what is 9370 - -c?
937c
In base 7, what is -14164063 + 2?
-14164061
In base 16, what is 1a3 + 185?
328
In base 4, what is 2031 + 32011?
100102
In base 15, what is 696d - 11?
695c
In base 16, what is -f71 + -46?
-fb7
In base 15, what is 6480 + -4?
647b
In base 15, what is 8958 + -3?
8955
In base 6, what is -433 + 1002?
125
In base 8, what is -1 - -135454?
135453
In base 16, what is -5 + -93214?
-93219
In base 6, what is 1143032 + -2?
1143030
In base 10, what is -1708 + 44?
-1664
In base 6, what is 0 - -132325?
132325
In base 15, what is ce8e - -3?
ce92
In base 12, what is -2ba1 - -7a?
-2b23
In base 10, what is -41 - 1219?
-1260
In base 9, what is -31071 + 1?
-31070
In base 2, what is -1 + 1010001111?
1010001110
In base 15, what is 2 - 16d02b?
-16d029
In base 14, what is -10a5bc - -5?
-10a5b7
In base 8, what is 303 - -402?
705
In base 4, what is 2002211 + 2320?
2011131
In base 12, what is -24 + -619?
-641
In base 3, what is -1120012222121 - -12?
-1120012222102
In base 15, what is -3870a + 5?
-38705
In base 8, what is 10 + 43520?
43530
In base 16, what is 2ed4 + -39?
2e9b
In base 15, what is -5 + -352b?
-3531
In base 13, what is -6002 + 0?
-6002
In base 16, what is e0ec3 + 3?
e0ec6
In base 4, what is -233331131 + 1?
-233331130
In base 15, what is -4b75 + -3?
-4b78
In base 9, what is -7 + -607?
-615
In base 8, what is -2 + 23034?
23032
In base 15, what is 8 + 3451?
3459
In base 15, what is 2 + -4e58?
-4e56
In base 12, what is 30 - 406?
-396
In base 13, what is 6 + -5818?
-5812
In base 3, what is 2122 - 1001211100?
-1001201201
In base 15, what is 841 + -13d?
703
In base 6, what is -512 + -3240?
-4152
In base 13, what is -67 - -156c?
1505
In base 11, what is -5 + 21290?
21286
In base 8, what is 4610 - -42?
4652
In base 7, what is 113 - -1223?
1336
In base 5, what is 0 + -1114?
-1114
In base 10, what is -5 + -79018?
-79023
In base 8, what is -42503 - -261?
-42222
In base 8, what is 6 - -37156?
37164
In base 3, what is -12 - -11120011021?
11120011002
In base 11, what is -114 + -946?
-a5a
In base 3, what is 0 + -12122112122?
-12122112122
In base 11, what is -111 - -1578?
1467
In base 13, what is -4 - -52b84?
52b80
In base 6, what is 5 - 120540?
-120531
In base 10, what is -561 - 266?
-827
In base 2, what is -1000001101001 + -1101?
-1000001110110
In base 15, what is 3 + 2d311?
2d314
In base 9, what is -18 - 60582?
-60611
In base 13, what is -12 + -1ac13?
-1ac25
In base 5, what is 104 - -1314030?
1314134
In base 3, what is -222121212 - 12?
-222122001
In base 14, what is 7 - 16cd?
-16c6
In base 9, what is 58 + 244032?
244101
In base 11, what is -18 + 398?
380
In base 2, what is 111110000 - -1100000?
1001010000
In base 9, what is 218 + 261?
480
In base 15, what is ade + -4?
ada
In base 13, what is -18 - -2786?
276b
In base 9, what is 2 + 7275?
7277
In base 10, what is 29 - 171?
-142
In base 16, what is -3b + 519?
4de
In base 3, what